{"id":7662,"date":"2020-03-30T07:39:10","date_gmt":"2020-03-30T05:39:10","guid":{"rendered":"http:\/\/www.bennunger-kc.de\/?page_id=7662"},"modified":"2020-03-30T08:07:16","modified_gmt":"2020-03-30T06:07:16","slug":"kontakt","status":"publish","type":"page","link":"https:\/\/www.bennunger-kc.de\/?page_id=7662","title":{"rendered":"Kontakt"},"content":{"rendered":"\n<h3>Veranstaltungsort<\/h3>\n\n\n\n<p><a href=\"http:\/\/landgasthausmeyer.de\/\" target=\"_blank\" rel=\"noreferrer noopener\" aria-label=\"Landgasthaus Meyer (\u00f6ffnet in neuem Tab)\"><strong>Landgasthaus Meyer<\/strong><\/a><br>Breite Str. 10<br>06536 S\u00fcdharz OT Bennungen<\/p>\n\n\n\n<h3>Postanschrift<\/h3>\n\n\n\n<p><strong>Stefan Ga\u00dfmann<\/strong><br>Mittelgasse 142<br>06536 S\u00fcdharz OT Bennungen<\/p>\n\n\n\n<p><strong>Ihr Kontakt zum Vorstand des BKC:<\/strong> <a href=\"mailto:vorstand@bennunger-kc.de\">vorstand@bennunger-kc.de<\/a><br><strong>Kontakt zum Vereinsvorsitzenden:<\/strong> 0160 \/ 171 60 10 | stefan.gassmann@ymail.com<\/p>\n\n\n\n<h3>Kartenvorverkauf <a href=\"http:\/\/www.bennunger-kc.de\/?page_id=44\">(siehe auch hier)<\/a><\/h3>\n\n\n\n<p>Friseursalon Karin Lammert<br>Breite Str. 136<br>06536 S\u00fcdharz OT Bennungen<\/p>\n\n\n\n<h3>Trainingsraum<\/h3>\n\n\n\n<p><strong>Haus der Vereine \/ Alte Schule<\/strong><br>Halle-Kasseler-Str. 215<br>06536 S\u00fcdharz OT Bennungen<\/p>\n\n\n\n<h3>Kontaktformular<\/h3>\n\n\n\n<div class=\"wpcf7 no-js\" id=\"wpcf7-f7665-o1\" lang=\"de-DE\" dir=\"ltr\">\n<div class=\"screen-reader-response\"><p role=\"status\" aria-live=\"polite\" aria-atomic=\"true\"><\/p> <ul><\/ul><\/div>\n<form action=\"\/index.php?rest_route=%2Fwp%2Fv2%2Fpages%2F7662#wpcf7-f7665-o1\" method=\"post\" class=\"wpcf7-form init\" aria-label=\"Kontaktformular\" novalidate=\"novalidate\" data-status=\"init\">\n<div style=\"display: none;\">\n<input type=\"hidden\" name=\"_wpcf7\" value=\"7665\" \/>\n<input type=\"hidden\" name=\"_wpcf7_version\" value=\"5.7.2\" \/>\n<input type=\"hidden\" name=\"_wpcf7_locale\" value=\"de_DE\" \/>\n<input type=\"hidden\" name=\"_wpcf7_unit_tag\" value=\"wpcf7-f7665-o1\" \/>\n<input type=\"hidden\" name=\"_wpcf7_container_post\" value=\"0\" \/>\n<input type=\"hidden\" name=\"_wpcf7_posted_data_hash\" value=\"\" \/>\n<\/div>\n<p><label> Dein Name (Pflichtfeld)<br \/>\n<span class=\"wpcf7-form-control-wrap\" data-name=\"your-name\"><input size=\"40\" class=\"wpcf7-form-control wpcf7-text wpcf7-validates-as-required\" aria-required=\"true\" aria-invalid=\"false\" value=\"\" type=\"text\" name=\"your-name\" \/><\/span> <\/label>\n<\/p>\n<p><label> Deine E-Mail-Adresse (Pflichtfeld)<br \/>\n<span class=\"wpcf7-form-control-wrap\" data-name=\"your-email\"><input size=\"40\" class=\"wpcf7-form-control wpcf7-text wpcf7-email wpcf7-validates-as-required wpcf7-validates-as-email\" aria-required=\"true\" aria-invalid=\"false\" value=\"\" type=\"email\" name=\"your-email\" \/><\/span> <\/label>\n<\/p>\n<p><label> Betreff<br \/>\n<span class=\"wpcf7-form-control-wrap\" data-name=\"your-subject\"><input size=\"40\" class=\"wpcf7-form-control wpcf7-text\" aria-invalid=\"false\" value=\"\" type=\"text\" name=\"your-subject\" \/><\/span> <\/label>\n<\/p>\n<p><label> Deine Nachricht<br \/>\n<span class=\"wpcf7-form-control-wrap\" data-name=\"your-message\"><textarea cols=\"40\" rows=\"10\" class=\"wpcf7-form-control wpcf7-textarea\" aria-invalid=\"false\" name=\"your-message\"><\/textarea><\/span> <\/label>\n<\/p>\n<p><input class=\"wpcf7-form-control has-spinner wpcf7-submit\" type=\"submit\" value=\"Senden\" \/>\n<\/p><div class=\"wpcf7-response-output\" aria-hidden=\"true\"><\/div><\/form><\/div>\n","protected":false},"excerpt":{"rendered":"<p>Veranstaltungsort Landgasthaus MeyerBreite Str. 1006536 S\u00fcdharz OT Bennungen Postanschrift Stefan Ga\u00dfmannMittelgasse 14206536 S\u00fcdharz OT Bennungen Ihr Kontakt zum Vorstand des BKC: vorstand@bennunger-kc.deKontakt zum Vereinsvorsitzenden: 0160 \/ 171 60 10 | stefan.gassmann@ymail.com Kartenvorverkauf (siehe auch hier) Friseursalon Karin LammertBreite Str. 13606536 S\u00fcdharz OT Bennungen Trainingsraum Haus der Vereine \/ Alte SchuleHalle-Kasseler-Str. 21506536 S\u00fcdharz OT Bennungen Kontaktformular<\/p>\n","protected":false},"author":2,"featured_media":0,"parent":0,"menu_order":85,"comment_status":"closed","ping_status":"closed","template":"","meta":{"ngg_post_thumbnail":0},"yoast_head":"<!-- This site is optimized with the Yoast SEO plugin v19.14 - https:\/\/yoast.com\/wordpress\/plugins\/seo\/ -->\n<title>Kontakt - Bennunger Karneval Club<\/title>\n<meta name=\"robots\" content=\"index, follow, max-snippet:-1, max-image-preview:large, max-video-preview:-1\" \/>\n<link rel=\"canonical\" href=\"https:\/\/www.bennunger-kc.de\/?page_id=7662\" \/>\n<meta property=\"og:locale\" content=\"de_DE\" \/>\n<meta property=\"og:type\" content=\"article\" \/>\n<meta property=\"og:title\" content=\"Kontakt - Bennunger Karneval Club\" \/>\n<meta property=\"og:description\" content=\"Veranstaltungsort Landgasthaus MeyerBreite Str. 1006536 S\u00fcdharz OT Bennungen Postanschrift Stefan Ga\u00dfmannMittelgasse 14206536 S\u00fcdharz OT Bennungen Ihr Kontakt zum Vorstand des BKC: vorstand@bennunger-kc.deKontakt zum Vereinsvorsitzenden: 0160 \/ 171 60 10 | stefan.gassmann@ymail.com Kartenvorverkauf (siehe auch hier) Friseursalon Karin LammertBreite Str. 13606536 S\u00fcdharz OT Bennungen Trainingsraum Haus der Vereine \/ Alte SchuleHalle-Kasseler-Str. 21506536 S\u00fcdharz OT Bennungen Kontaktformular\" \/>\n<meta property=\"og:url\" content=\"https:\/\/www.bennunger-kc.de\/?page_id=7662\" \/>\n<meta property=\"og:site_name\" content=\"Bennunger Karneval Club\" \/>\n<meta property=\"article:modified_time\" content=\"2020-03-30T06:07:16+00:00\" \/>\n<script type=\"application\/ld+json\" class=\"yoast-schema-graph\">{\"@context\":\"https:\/\/schema.org\",\"@graph\":[{\"@type\":\"WebPage\",\"@id\":\"https:\/\/www.bennunger-kc.de\/?page_id=7662\",\"url\":\"https:\/\/www.bennunger-kc.de\/?page_id=7662\",\"name\":\"Kontakt - Bennunger Karneval Club\",\"isPartOf\":{\"@id\":\"https:\/\/www.bennunger-kc.de\/#website\"},\"datePublished\":\"2020-03-30T05:39:10+00:00\",\"dateModified\":\"2020-03-30T06:07:16+00:00\",\"breadcrumb\":{\"@id\":\"https:\/\/www.bennunger-kc.de\/?page_id=7662#breadcrumb\"},\"inLanguage\":\"de\",\"potentialAction\":[{\"@type\":\"ReadAction\",\"target\":[\"https:\/\/www.bennunger-kc.de\/?page_id=7662\"]}]},{\"@type\":\"BreadcrumbList\",\"@id\":\"https:\/\/www.bennunger-kc.de\/?page_id=7662#breadcrumb\",\"itemListElement\":[{\"@type\":\"ListItem\",\"position\":1,\"name\":\"Home\",\"item\":\"https:\/\/www.bennunger-kc.de\/\"},{\"@type\":\"ListItem\",\"position\":2,\"name\":\"Kontakt\"}]},{\"@type\":\"WebSite\",\"@id\":\"https:\/\/www.bennunger-kc.de\/#website\",\"url\":\"https:\/\/www.bennunger-kc.de\/\",\"name\":\"Bennunger Karneval Club\",\"description\":\"\",\"potentialAction\":[{\"@type\":\"SearchAction\",\"target\":{\"@type\":\"EntryPoint\",\"urlTemplate\":\"https:\/\/www.bennunger-kc.de\/?s={search_term_string}\"},\"query-input\":\"required name=search_term_string\"}],\"inLanguage\":\"de\"}]}<\/script>\n<!-- \/ Yoast SEO plugin. -->","yoast_head_json":{"title":"Kontakt - Bennunger Karneval Club","robots":{"index":"index","follow":"follow","max-snippet":"max-snippet:-1","max-image-preview":"max-image-preview:large","max-video-preview":"max-video-preview:-1"},"canonical":"https:\/\/www.bennunger-kc.de\/?page_id=7662","og_locale":"de_DE","og_type":"article","og_title":"Kontakt - Bennunger Karneval Club","og_description":"Veranstaltungsort Landgasthaus MeyerBreite Str. 1006536 S\u00fcdharz OT Bennungen Postanschrift Stefan Ga\u00dfmannMittelgasse 14206536 S\u00fcdharz OT Bennungen Ihr Kontakt zum Vorstand des BKC: vorstand@bennunger-kc.deKontakt zum Vereinsvorsitzenden: 0160 \/ 171 60 10 | stefan.gassmann@ymail.com Kartenvorverkauf (siehe auch hier) Friseursalon Karin LammertBreite Str. 13606536 S\u00fcdharz OT Bennungen Trainingsraum Haus der Vereine \/ Alte SchuleHalle-Kasseler-Str. 21506536 S\u00fcdharz OT Bennungen Kontaktformular","og_url":"https:\/\/www.bennunger-kc.de\/?page_id=7662","og_site_name":"Bennunger Karneval Club","article_modified_time":"2020-03-30T06:07:16+00:00","schema":{"@context":"https:\/\/schema.org","@graph":[{"@type":"WebPage","@id":"https:\/\/www.bennunger-kc.de\/?page_id=7662","url":"https:\/\/www.bennunger-kc.de\/?page_id=7662","name":"Kontakt - Bennunger Karneval Club","isPartOf":{"@id":"https:\/\/www.bennunger-kc.de\/#website"},"datePublished":"2020-03-30T05:39:10+00:00","dateModified":"2020-03-30T06:07:16+00:00","breadcrumb":{"@id":"https:\/\/www.bennunger-kc.de\/?page_id=7662#breadcrumb"},"inLanguage":"de","potentialAction":[{"@type":"ReadAction","target":["https:\/\/www.bennunger-kc.de\/?page_id=7662"]}]},{"@type":"BreadcrumbList","@id":"https:\/\/www.bennunger-kc.de\/?page_id=7662#breadcrumb","itemListElement":[{"@type":"ListItem","position":1,"name":"Home","item":"https:\/\/www.bennunger-kc.de\/"},{"@type":"ListItem","position":2,"name":"Kontakt"}]},{"@type":"WebSite","@id":"https:\/\/www.bennunger-kc.de\/#website","url":"https:\/\/www.bennunger-kc.de\/","name":"Bennunger Karneval Club","description":"","potentialAction":[{"@type":"SearchAction","target":{"@type":"EntryPoint","urlTemplate":"https:\/\/www.bennunger-kc.de\/?s={search_term_string}"},"query-input":"required name=search_term_string"}],"inLanguage":"de"}]}},"_links":{"self":[{"href":"https:\/\/www.bennunger-kc.de\/index.php?rest_route=\/wp\/v2\/pages\/7662"}],"collection":[{"href":"https:\/\/www.bennunger-kc.de\/index.php?rest_route=\/wp\/v2\/pages"}],"about":[{"href":"https:\/\/www.bennunger-kc.de\/index.php?rest_route=\/wp\/v2\/types\/page"}],"author":[{"embeddable":true,"href":"https:\/\/www.bennunger-kc.de\/index.php?rest_route=\/wp\/v2\/users\/2"}],"replies":[{"embeddable":true,"href":"https:\/\/www.bennunger-kc.de\/index.php?rest_route=%2Fwp%2Fv2%2Fcomments&post=7662"}],"version-history":[{"count":5,"href":"https:\/\/www.bennunger-kc.de\/index.php?rest_route=\/wp\/v2\/pages\/7662\/revisions"}],"predecessor-version":[{"id":7673,"href":"https:\/\/www.bennunger-kc.de\/index.php?rest_route=\/wp\/v2\/pages\/7662\/revisions\/7673"}],"wp:attachment":[{"href":"https:\/\/www.bennunger-kc.de\/index.php?rest_route=%2Fwp%2Fv2%2Fmedia&parent=7662"}],"curies":[{"name":"wp","href":"https:\/\/api.w.org\/{rel}","templated":true}]}}