{"id":65,"date":"2014-05-02T11:17:50","date_gmt":"2014-05-02T09:17:50","guid":{"rendered":"http:\/\/54112759.swh.strato-hosting.eu\/?page_id=65"},"modified":"2023-11-12T20:11:25","modified_gmt":"2023-11-12T18:11:25","slug":"darstellergruppen","status":"publish","type":"page","link":"https:\/\/www.bennunger-kc.de\/?page_id=65","title":{"rendered":"Darsteller"},"content":{"rendered":"\n<h2>Wer steckt hinter den Kulissen &#8211; Bilder sagen mehr als 1000 Worte!<\/h2>\n\n\n\n<h3>B\u00fctt &amp; Sketch<\/h3>\n\n\n\n<figure class=\"wp-block-table\"><table><tbody><tr><td><img decoding=\"async\" loading=\"lazy\" width=\"2816\" height=\"1880\" class=\"wp-image-264\" style=\"width: 300px;\" src=\"http:\/\/www.bennunger-kc.de\/wp-content\/uploads\/2014\/05\/IMG_8324.jpg\" alt=\"\" srcset=\"https:\/\/www.bennunger-kc.de\/wp-content\/uploads\/2014\/05\/IMG_8324.jpg 2816w, https:\/\/www.bennunger-kc.de\/wp-content\/uploads\/2014\/05\/IMG_8324-300x200.jpg 300w, https:\/\/www.bennunger-kc.de\/wp-content\/uploads\/2014\/05\/IMG_8324-1024x683.jpg 1024w\" sizes=\"(max-width: 767px) 89vw, (max-width: 1000px) 54vw, (max-width: 1071px) 543px, 580px\" \/><\/td><td><img decoding=\"async\" loading=\"lazy\" width=\"2560\" height=\"1707\" class=\"wp-image-7807\" style=\"width: 300px;\" src=\"https:\/\/www.bennunger-kc.de\/wp-content\/uploads\/2023\/11\/Bennungen-42-von-88-scaled.jpg\" alt=\"\" srcset=\"https:\/\/www.bennunger-kc.de\/wp-content\/uploads\/2023\/11\/Bennungen-42-von-88-scaled.jpg 2560w, https:\/\/www.bennunger-kc.de\/wp-content\/uploads\/2023\/11\/Bennungen-42-von-88-300x200.jpg 300w, https:\/\/www.bennunger-kc.de\/wp-content\/uploads\/2023\/11\/Bennungen-42-von-88-1024x683.jpg 1024w, https:\/\/www.bennunger-kc.de\/wp-content\/uploads\/2023\/11\/Bennungen-42-von-88-768x512.jpg 768w, https:\/\/www.bennunger-kc.de\/wp-content\/uploads\/2023\/11\/Bennungen-42-von-88-1536x1024.jpg 1536w, https:\/\/www.bennunger-kc.de\/wp-content\/uploads\/2023\/11\/Bennungen-42-von-88-2048x1365.jpg 2048w\" sizes=\"(max-width: 767px) 89vw, (max-width: 1000px) 54vw, (max-width: 1071px) 543px, 580px\" \/><\/td><\/tr><\/tbody><\/table><\/figure>\n\n\n\n<h3>Das Dreckige Dutzend<\/h3>\n\n\n<div class=\"wp-block-image\">\n<figure class=\"aligncenter size-large\"><a href=\"https:\/\/www.bennunger-kc.de\/wp-content\/uploads\/2023\/11\/IMG_1009.jpeg\"><img decoding=\"async\" loading=\"lazy\" width=\"1024\" height=\"768\" src=\"https:\/\/www.bennunger-kc.de\/wp-content\/uploads\/2023\/11\/IMG_1009-1024x768.jpeg\" alt=\"\" class=\"wp-image-7812\" srcset=\"https:\/\/www.bennunger-kc.de\/wp-content\/uploads\/2023\/11\/IMG_1009-1024x768.jpeg 1024w, https:\/\/www.bennunger-kc.de\/wp-content\/uploads\/2023\/11\/IMG_1009-300x225.jpeg 300w, https:\/\/www.bennunger-kc.de\/wp-content\/uploads\/2023\/11\/IMG_1009-768x576.jpeg 768w, https:\/\/www.bennunger-kc.de\/wp-content\/uploads\/2023\/11\/IMG_1009-1536x1152.jpeg 1536w, https:\/\/www.bennunger-kc.de\/wp-content\/uploads\/2023\/11\/IMG_1009.jpeg 2048w\" sizes=\"(max-width: 767px) 89vw, (max-width: 1000px) 54vw, (max-width: 1071px) 543px, 580px\" \/><\/a><\/figure><\/div>\n\n\n<h3>Elferrat<\/h3>\n\n\n\n<figure class=\"wp-block-image size-large\"><img decoding=\"async\" loading=\"lazy\" width=\"1024\" height=\"683\" src=\"http:\/\/www.bennunger-kc.de\/wp-content\/uploads\/2020\/03\/DSC03667-1024x683.jpg\" alt=\"\" class=\"wp-image-7587\" srcset=\"https:\/\/www.bennunger-kc.de\/wp-content\/uploads\/2020\/03\/DSC03667-1024x683.jpg 1024w, https:\/\/www.bennunger-kc.de\/wp-content\/uploads\/2020\/03\/DSC03667-300x200.jpg 300w, https:\/\/www.bennunger-kc.de\/wp-content\/uploads\/2020\/03\/DSC03667-768x512.jpg 768w, https:\/\/www.bennunger-kc.de\/wp-content\/uploads\/2020\/03\/DSC03667-1536x1024.jpg 1536w, https:\/\/www.bennunger-kc.de\/wp-content\/uploads\/2020\/03\/DSC03667-2048x1365.jpg 2048w\" sizes=\"(max-width: 767px) 89vw, (max-width: 1000px) 54vw, (max-width: 1071px) 543px, 580px\" \/><\/figure>\n\n\n\n<h3>F\u00fcnkchen<\/h3>\n\n\n\n<figure class=\"wp-block-image size-large\"><a href=\"https:\/\/www.bennunger-kc.de\/wp-content\/uploads\/2023\/11\/DSCN2052-scaled.jpg\"><img decoding=\"async\" loading=\"lazy\" width=\"1024\" height=\"768\" src=\"https:\/\/www.bennunger-kc.de\/wp-content\/uploads\/2023\/11\/DSCN2052-1024x768.jpg\" alt=\"\" class=\"wp-image-7808\" srcset=\"https:\/\/www.bennunger-kc.de\/wp-content\/uploads\/2023\/11\/DSCN2052-1024x768.jpg 1024w, https:\/\/www.bennunger-kc.de\/wp-content\/uploads\/2023\/11\/DSCN2052-300x225.jpg 300w, https:\/\/www.bennunger-kc.de\/wp-content\/uploads\/2023\/11\/DSCN2052-768x576.jpg 768w, https:\/\/www.bennunger-kc.de\/wp-content\/uploads\/2023\/11\/DSCN2052-1536x1152.jpg 1536w, https:\/\/www.bennunger-kc.de\/wp-content\/uploads\/2023\/11\/DSCN2052-2048x1536.jpg 2048w\" sizes=\"(max-width: 767px) 89vw, (max-width: 1000px) 54vw, (max-width: 1071px) 543px, 580px\" \/><\/a><\/figure>\n\n\n\n<h2>Funken<\/h2>\n\n\n<div class=\"wp-block-image\">\n<figure class=\"aligncenter size-large\"><a href=\"https:\/\/www.bennunger-kc.de\/wp-content\/uploads\/2023\/11\/Foto-18.01.20-20-40-44-scaled.jpg\"><img decoding=\"async\" loading=\"lazy\" width=\"1024\" height=\"768\" src=\"https:\/\/www.bennunger-kc.de\/wp-content\/uploads\/2023\/11\/Foto-18.01.20-20-40-44-1024x768.jpg\" alt=\"\" class=\"wp-image-7809\" srcset=\"https:\/\/www.bennunger-kc.de\/wp-content\/uploads\/2023\/11\/Foto-18.01.20-20-40-44-1024x768.jpg 1024w, https:\/\/www.bennunger-kc.de\/wp-content\/uploads\/2023\/11\/Foto-18.01.20-20-40-44-300x225.jpg 300w, https:\/\/www.bennunger-kc.de\/wp-content\/uploads\/2023\/11\/Foto-18.01.20-20-40-44-768x576.jpg 768w, https:\/\/www.bennunger-kc.de\/wp-content\/uploads\/2023\/11\/Foto-18.01.20-20-40-44-1536x1152.jpg 1536w, https:\/\/www.bennunger-kc.de\/wp-content\/uploads\/2023\/11\/Foto-18.01.20-20-40-44-2048x1536.jpg 2048w\" sizes=\"(max-width: 767px) 89vw, (max-width: 1000px) 54vw, (max-width: 1071px) 543px, 580px\" \/><\/a><\/figure><\/div>\n\n\n<h3>Juniorgarde<\/h3>\n\n\n\n<figure class=\"wp-block-image size-large\"><img decoding=\"async\" loading=\"lazy\" width=\"1024\" height=\"683\" src=\"http:\/\/www.bennunger-kc.de\/wp-content\/uploads\/2020\/03\/DSC03548-1024x683.jpg\" alt=\"\" class=\"wp-image-7594\" srcset=\"https:\/\/www.bennunger-kc.de\/wp-content\/uploads\/2020\/03\/DSC03548-1024x683.jpg 1024w, https:\/\/www.bennunger-kc.de\/wp-content\/uploads\/2020\/03\/DSC03548-300x200.jpg 300w, https:\/\/www.bennunger-kc.de\/wp-content\/uploads\/2020\/03\/DSC03548-768x512.jpg 768w, https:\/\/www.bennunger-kc.de\/wp-content\/uploads\/2020\/03\/DSC03548-1536x1024.jpg 1536w, https:\/\/www.bennunger-kc.de\/wp-content\/uploads\/2020\/03\/DSC03548-2048x1365.jpg 2048w\" sizes=\"(max-width: 767px) 89vw, (max-width: 1000px) 54vw, (max-width: 1071px) 543px, 580px\" \/><\/figure>\n\n\n\n<p>Die Flower Powers<\/p>\n\n\n\n<figure class=\"wp-block-image size-large\"><a href=\"https:\/\/www.bennunger-kc.de\/wp-content\/uploads\/2023\/11\/Foto-18.01.20-22-14-38-scaled.jpg\"><img decoding=\"async\" loading=\"lazy\" width=\"1024\" height=\"768\" src=\"https:\/\/www.bennunger-kc.de\/wp-content\/uploads\/2023\/11\/Foto-18.01.20-22-14-38-1024x768.jpg\" alt=\"\" class=\"wp-image-7810\" srcset=\"https:\/\/www.bennunger-kc.de\/wp-content\/uploads\/2023\/11\/Foto-18.01.20-22-14-38-1024x768.jpg 1024w, https:\/\/www.bennunger-kc.de\/wp-content\/uploads\/2023\/11\/Foto-18.01.20-22-14-38-300x225.jpg 300w, https:\/\/www.bennunger-kc.de\/wp-content\/uploads\/2023\/11\/Foto-18.01.20-22-14-38-768x576.jpg 768w, https:\/\/www.bennunger-kc.de\/wp-content\/uploads\/2023\/11\/Foto-18.01.20-22-14-38-1536x1152.jpg 1536w, https:\/\/www.bennunger-kc.de\/wp-content\/uploads\/2023\/11\/Foto-18.01.20-22-14-38-2048x1536.jpg 2048w\" sizes=\"(max-width: 767px) 89vw, (max-width: 1000px) 54vw, (max-width: 1071px) 543px, 580px\" \/><\/a><\/figure>\n\n\n\n<h3>Helmeamseln<\/h3>\n\n\n\n<figure class=\"wp-block-image size-large\"><img decoding=\"async\" loading=\"lazy\" width=\"1024\" height=\"768\" src=\"http:\/\/www.bennunger-kc.de\/wp-content\/uploads\/2020\/03\/Foto-18.01.20-21-04-40-1024x768.jpg\" alt=\"\" class=\"wp-image-7588\" srcset=\"https:\/\/www.bennunger-kc.de\/wp-content\/uploads\/2020\/03\/Foto-18.01.20-21-04-40-1024x768.jpg 1024w, https:\/\/www.bennunger-kc.de\/wp-content\/uploads\/2020\/03\/Foto-18.01.20-21-04-40-300x225.jpg 300w, https:\/\/www.bennunger-kc.de\/wp-content\/uploads\/2020\/03\/Foto-18.01.20-21-04-40-768x576.jpg 768w, https:\/\/www.bennunger-kc.de\/wp-content\/uploads\/2020\/03\/Foto-18.01.20-21-04-40-1536x1152.jpg 1536w, https:\/\/www.bennunger-kc.de\/wp-content\/uploads\/2020\/03\/Foto-18.01.20-21-04-40-2048x1536.jpg 2048w\" sizes=\"(max-width: 767px) 89vw, (max-width: 1000px) 54vw, (max-width: 1071px) 543px, 580px\" \/><\/figure>\n\n\n\n<h3>Hofballett<\/h3>\n\n\n\n<figure class=\"wp-block-image size-large\"><img decoding=\"async\" loading=\"lazy\" width=\"1024\" height=\"683\" src=\"http:\/\/www.bennunger-kc.de\/wp-content\/uploads\/2020\/03\/DSC03631-1024x683.jpg\" alt=\"\" class=\"wp-image-7589\" srcset=\"https:\/\/www.bennunger-kc.de\/wp-content\/uploads\/2020\/03\/DSC03631-1024x683.jpg 1024w, https:\/\/www.bennunger-kc.de\/wp-content\/uploads\/2020\/03\/DSC03631-300x200.jpg 300w, https:\/\/www.bennunger-kc.de\/wp-content\/uploads\/2020\/03\/DSC03631-768x512.jpg 768w, https:\/\/www.bennunger-kc.de\/wp-content\/uploads\/2020\/03\/DSC03631-1536x1024.jpg 1536w, https:\/\/www.bennunger-kc.de\/wp-content\/uploads\/2020\/03\/DSC03631-2048x1365.jpg 2048w\" sizes=\"(max-width: 767px) 89vw, (max-width: 1000px) 54vw, (max-width: 1071px) 543px, 580px\" \/><\/figure>\n\n\n\n<h3>M\u00e4nnerballett<\/h3>\n\n\n\n<figure class=\"wp-block-image size-large\"><img decoding=\"async\" loading=\"lazy\" width=\"1024\" height=\"683\" src=\"http:\/\/www.bennunger-kc.de\/wp-content\/uploads\/2020\/03\/DSC03775-1024x683.jpg\" alt=\"\" class=\"wp-image-7590\" srcset=\"https:\/\/www.bennunger-kc.de\/wp-content\/uploads\/2020\/03\/DSC03775-1024x683.jpg 1024w, https:\/\/www.bennunger-kc.de\/wp-content\/uploads\/2020\/03\/DSC03775-300x200.jpg 300w, https:\/\/www.bennunger-kc.de\/wp-content\/uploads\/2020\/03\/DSC03775-768x512.jpg 768w, https:\/\/www.bennunger-kc.de\/wp-content\/uploads\/2020\/03\/DSC03775-1536x1024.jpg 1536w, https:\/\/www.bennunger-kc.de\/wp-content\/uploads\/2020\/03\/DSC03775-2048x1365.jpg 2048w\" sizes=\"(max-width: 767px) 89vw, (max-width: 1000px) 54vw, (max-width: 1071px) 543px, 580px\" \/><\/figure>\n\n\n\n<h3>Prinzengarde<\/h3>\n\n\n\n<figure class=\"wp-block-image size-large\"><img decoding=\"async\" loading=\"lazy\" width=\"1024\" height=\"683\" src=\"http:\/\/www.bennunger-kc.de\/wp-content\/uploads\/2020\/03\/DSC03737-1024x683.jpg\" alt=\"\" class=\"wp-image-7591\" srcset=\"https:\/\/www.bennunger-kc.de\/wp-content\/uploads\/2020\/03\/DSC03737-1024x683.jpg 1024w, https:\/\/www.bennunger-kc.de\/wp-content\/uploads\/2020\/03\/DSC03737-300x200.jpg 300w, https:\/\/www.bennunger-kc.de\/wp-content\/uploads\/2020\/03\/DSC03737-768x512.jpg 768w, https:\/\/www.bennunger-kc.de\/wp-content\/uploads\/2020\/03\/DSC03737-1536x1024.jpg 1536w, https:\/\/www.bennunger-kc.de\/wp-content\/uploads\/2020\/03\/DSC03737-2048x1365.jpg 2048w\" sizes=\"(max-width: 767px) 89vw, (max-width: 1000px) 54vw, (max-width: 1071px) 543px, 580px\" \/><\/figure>\n\n\n\n<h3>Showgarde<\/h3>\n\n\n\n<figure class=\"wp-block-image size-large\"><img decoding=\"async\" loading=\"lazy\" width=\"1024\" height=\"768\" src=\"http:\/\/www.bennunger-kc.de\/wp-content\/uploads\/2020\/03\/Foto-18.01.20-21-28-32-1024x768.jpg\" alt=\"\" class=\"wp-image-7592\" srcset=\"https:\/\/www.bennunger-kc.de\/wp-content\/uploads\/2020\/03\/Foto-18.01.20-21-28-32-1024x768.jpg 1024w, https:\/\/www.bennunger-kc.de\/wp-content\/uploads\/2020\/03\/Foto-18.01.20-21-28-32-300x225.jpg 300w, https:\/\/www.bennunger-kc.de\/wp-content\/uploads\/2020\/03\/Foto-18.01.20-21-28-32-768x576.jpg 768w, https:\/\/www.bennunger-kc.de\/wp-content\/uploads\/2020\/03\/Foto-18.01.20-21-28-32-1536x1152.jpg 1536w, https:\/\/www.bennunger-kc.de\/wp-content\/uploads\/2020\/03\/Foto-18.01.20-21-28-32-2048x1536.jpg 2048w\" sizes=\"(max-width: 767px) 89vw, (max-width: 1000px) 54vw, (max-width: 1071px) 543px, 580px\" \/><\/figure>\n\n\n\n<p><\/p>\n","protected":false},"excerpt":{"rendered":"<p>Wer steckt hinter den Kulissen &#8211; Bilder sagen mehr als 1000 Worte! B\u00fctt &amp; Sketch Das Dreckige Dutzend Elferrat F\u00fcnkchen Funken Juniorgarde Die Flower Powers Helmeamseln Hofballett M\u00e4nnerballett Prinzengarde Showgarde<\/p>\n","protected":false},"author":1,"featured_media":0,"parent":7,"menu_order":10,"comment_status":"open","ping_status":"open","template":"","meta":{"ngg_post_thumbnail":0},"yoast_head":"<!-- This site is optimized with the Yoast SEO plugin v19.14 - https:\/\/yoast.com\/wordpress\/plugins\/seo\/ -->\n<title>Darsteller - Bennunger Karneval Club<\/title>\n<meta name=\"robots\" content=\"index, follow, max-snippet:-1, max-image-preview:large, max-video-preview:-1\" \/>\n<link rel=\"canonical\" href=\"https:\/\/www.bennunger-kc.de\/?page_id=65\" \/>\n<meta property=\"og:locale\" content=\"de_DE\" \/>\n<meta property=\"og:type\" content=\"article\" \/>\n<meta property=\"og:title\" content=\"Darsteller - Bennunger Karneval Club\" \/>\n<meta property=\"og:description\" content=\"Wer steckt hinter den Kulissen &#8211; Bilder sagen mehr als 1000 Worte! B\u00fctt &amp; Sketch Das Dreckige Dutzend Elferrat F\u00fcnkchen Funken Juniorgarde Die Flower Powers Helmeamseln Hofballett M\u00e4nnerballett Prinzengarde Showgarde\" \/>\n<meta property=\"og:url\" content=\"https:\/\/www.bennunger-kc.de\/?page_id=65\" \/>\n<meta property=\"og:site_name\" content=\"Bennunger Karneval Club\" \/>\n<meta property=\"article:modified_time\" content=\"2023-11-12T18:11:25+00:00\" \/>\n<meta property=\"og:image\" content=\"http:\/\/www.bennunger-kc.de\/wp-content\/uploads\/2014\/05\/IMG_8324.jpg\" \/>\n<meta name=\"twitter:label1\" content=\"Gesch\u00e4tzte Lesezeit\" \/>\n\t<meta name=\"twitter:data1\" content=\"3\u00a0Minuten\" \/>\n<script type=\"application\/ld+json\" class=\"yoast-schema-graph\">{\"@context\":\"https:\/\/schema.org\",\"@graph\":[{\"@type\":\"WebPage\",\"@id\":\"https:\/\/www.bennunger-kc.de\/?page_id=65\",\"url\":\"https:\/\/www.bennunger-kc.de\/?page_id=65\",\"name\":\"Darsteller - Bennunger Karneval Club\",\"isPartOf\":{\"@id\":\"https:\/\/www.bennunger-kc.de\/#website\"},\"datePublished\":\"2014-05-02T09:17:50+00:00\",\"dateModified\":\"2023-11-12T18:11:25+00:00\",\"breadcrumb\":{\"@id\":\"https:\/\/www.bennunger-kc.de\/?page_id=65#breadcrumb\"},\"inLanguage\":\"de\",\"potentialAction\":[{\"@type\":\"ReadAction\",\"target\":[\"https:\/\/www.bennunger-kc.de\/?page_id=65\"]}]},{\"@type\":\"BreadcrumbList\",\"@id\":\"https:\/\/www.bennunger-kc.de\/?page_id=65#breadcrumb\",\"itemListElement\":[{\"@type\":\"ListItem\",\"position\":1,\"name\":\"Home\",\"item\":\"https:\/\/www.bennunger-kc.de\/\"},{\"@type\":\"ListItem\",\"position\":2,\"name\":\"Verein\",\"item\":\"https:\/\/www.bennunger-kc.de\/?page_id=7\"},{\"@type\":\"ListItem\",\"position\":3,\"name\":\"Darsteller\"}]},{\"@type\":\"WebSite\",\"@id\":\"https:\/\/www.bennunger-kc.de\/#website\",\"url\":\"https:\/\/www.bennunger-kc.de\/\",\"name\":\"Bennunger Karneval Club\",\"description\":\"\",\"potentialAction\":[{\"@type\":\"SearchAction\",\"target\":{\"@type\":\"EntryPoint\",\"urlTemplate\":\"https:\/\/www.bennunger-kc.de\/?s={search_term_string}\"},\"query-input\":\"required name=search_term_string\"}],\"inLanguage\":\"de\"}]}<\/script>\n<!-- \/ Yoast SEO plugin. -->","yoast_head_json":{"title":"Darsteller - Bennunger Karneval Club","robots":{"index":"index","follow":"follow","max-snippet":"max-snippet:-1","max-image-preview":"max-image-preview:large","max-video-preview":"max-video-preview:-1"},"canonical":"https:\/\/www.bennunger-kc.de\/?page_id=65","og_locale":"de_DE","og_type":"article","og_title":"Darsteller - Bennunger Karneval Club","og_description":"Wer steckt hinter den Kulissen &#8211; Bilder sagen mehr als 1000 Worte! B\u00fctt &amp; Sketch Das Dreckige Dutzend Elferrat F\u00fcnkchen Funken Juniorgarde Die Flower Powers Helmeamseln Hofballett M\u00e4nnerballett Prinzengarde Showgarde","og_url":"https:\/\/www.bennunger-kc.de\/?page_id=65","og_site_name":"Bennunger Karneval Club","article_modified_time":"2023-11-12T18:11:25+00:00","og_image":[{"url":"http:\/\/www.bennunger-kc.de\/wp-content\/uploads\/2014\/05\/IMG_8324.jpg"}],"twitter_misc":{"Gesch\u00e4tzte Lesezeit":"3\u00a0Minuten"},"schema":{"@context":"https:\/\/schema.org","@graph":[{"@type":"WebPage","@id":"https:\/\/www.bennunger-kc.de\/?page_id=65","url":"https:\/\/www.bennunger-kc.de\/?page_id=65","name":"Darsteller - Bennunger Karneval Club","isPartOf":{"@id":"https:\/\/www.bennunger-kc.de\/#website"},"datePublished":"2014-05-02T09:17:50+00:00","dateModified":"2023-11-12T18:11:25+00:00","breadcrumb":{"@id":"https:\/\/www.bennunger-kc.de\/?page_id=65#breadcrumb"},"inLanguage":"de","potentialAction":[{"@type":"ReadAction","target":["https:\/\/www.bennunger-kc.de\/?page_id=65"]}]},{"@type":"BreadcrumbList","@id":"https:\/\/www.bennunger-kc.de\/?page_id=65#breadcrumb","itemListElement":[{"@type":"ListItem","position":1,"name":"Home","item":"https:\/\/www.bennunger-kc.de\/"},{"@type":"ListItem","position":2,"name":"Verein","item":"https:\/\/www.bennunger-kc.de\/?page_id=7"},{"@type":"ListItem","position":3,"name":"Darsteller"}]},{"@type":"WebSite","@id":"https:\/\/www.bennunger-kc.de\/#website","url":"https:\/\/www.bennunger-kc.de\/","name":"Bennunger Karneval Club","description":"","potentialAction":[{"@type":"SearchAction","target":{"@type":"EntryPoint","urlTemplate":"https:\/\/www.bennunger-kc.de\/?s={search_term_string}"},"query-input":"required name=search_term_string"}],"inLanguage":"de"}]}},"_links":{"self":[{"href":"https:\/\/www.bennunger-kc.de\/index.php?rest_route=\/wp\/v2\/pages\/65"}],"collection":[{"href":"https:\/\/www.bennunger-kc.de\/index.php?rest_route=\/wp\/v2\/pages"}],"about":[{"href":"https:\/\/www.bennunger-kc.de\/index.php?rest_route=\/wp\/v2\/types\/page"}],"author":[{"embeddable":true,"href":"https:\/\/www.bennunger-kc.de\/index.php?rest_route=\/wp\/v2\/users\/1"}],"replies":[{"embeddable":true,"href":"https:\/\/www.bennunger-kc.de\/index.php?rest_route=%2Fwp%2Fv2%2Fcomments&post=65"}],"version-history":[{"count":8,"href":"https:\/\/www.bennunger-kc.de\/index.php?rest_route=\/wp\/v2\/pages\/65\/revisions"}],"predecessor-version":[{"id":7813,"href":"https:\/\/www.bennunger-kc.de\/index.php?rest_route=\/wp\/v2\/pages\/65\/revisions\/7813"}],"up":[{"embeddable":true,"href":"https:\/\/www.bennunger-kc.de\/index.php?rest_route=\/wp\/v2\/pages\/7"}],"wp:attachment":[{"href":"https:\/\/www.bennunger-kc.de\/index.php?rest_route=%2Fwp%2Fv2%2Fmedia&parent=65"}],"curies":[{"name":"wp","href":"https:\/\/api.w.org\/{rel}","templated":true}]}}