{"id":11,"date":"2014-04-13T17:15:07","date_gmt":"2014-04-13T15:15:07","guid":{"rendered":"http:\/\/54112759.swh.strato-hosting.eu\/?page_id=11"},"modified":"2023-11-12T17:26:00","modified_gmt":"2023-11-12T15:26:00","slug":"veranstaltungen","status":"publish","type":"page","link":"https:\/\/www.bennunger-kc.de\/?page_id=11","title":{"rendered":"Veranstaltungen"},"content":{"rendered":"\n<h3>Hier finden Sie alle Termine unserer aktuellen Veranstaltung auf einen Blick.<\/h3>\n\n\n\n<p>Alle Infos zur Kartenbestellung finden Sie <a title=\"Kartenbestellung\" href=\"http:\/\/www.bennunger-kc.de\/?page_id=44\">hier<\/a>. F\u00fcr den Besuch unserer Veranstaltungen gelten unsere <a href=\"http:\/\/www.bennunger-kc.de\/bkc-intern\/BKC_Allg_Geschaeftsbedingungen.pdf\" target=\"_blank\" rel=\"noopener noreferrer\">allgemeinen Gesch\u00e4ftsbedingungen<\/a>. Die Einhaltung der Altersbeschr\u00e4nkungen wird nur am Einlass, nicht aber beim Kartenverkauf kontrolliert!<\/p>\n\n\n\n<figure class=\"wp-block-table\"><table><tbody><tr><th>Veranstaltung<\/th><th>Ort<\/th><th>Wochentag<\/th><th>Datum<\/th><th>Uhrzeit<\/th><\/tr><tr><td>16. Bennunger Knutfest<\/td><td>Anglerheim Bennungen<\/td><td>Sonnabend<\/td><td>06.01.2024<\/td><td>16:00 Uhr<\/td><\/tr><tr><td>Prunksitzung in Ro\u00dfla <\/td><td> Schlo\u00df Ro\u00dfla <\/td><td>Sonnabend<\/td><td>13.01.2024 <\/td><td>20:11 Uhr<\/td><\/tr><tr><td>Bennunger Jugendkarneval<\/td><td>Landgasthaus Meyer <\/td><td> Freitag<\/td><td>19.01.2024<\/td><td>20:11 Uhr<\/td><\/tr><tr><td>1. Prunksitzung in Bennungen<\/td><td>Landgasthaus Meyer<\/td><td>Sonnabend<\/td><td>20.01.2024<\/td><td>20:11 Uhr<\/td><\/tr><tr><td>2. Prunksitzung in Bennungen<\/td><td>Landgasthaus Meyer<\/td><td>Sonnabend<\/td><td>27.01.2024<\/td><td>20:11 Uhr<\/td><\/tr><tr><td>Bennunger Kinder Karneval<\/td><td>Landgasthaus Meyer<\/td><td>Sonntag<\/td><td>28.01.2024<\/td><td>15:11 Uhr<\/td><\/tr><tr><td>Bennunger &#8222;Narrengarten&#8220; f\u00fcr Goldies<\/td><td> Landgasthaus Meyer <\/td><td>Sonnabend<\/td><td>03.02.2020<\/td><td>15:11 Uhr<\/td><\/tr><tr><td>Weiberfastnacht<\/td><td>Landgasthaus Meyer<\/td><td>Sonnabend<\/td><td>10.02.2024<\/td><td>20:11 Uhr<\/td><\/tr><tr><td>Rosenmontag<\/td><td>Landgasthaus Meyer<\/td><td>Montag<\/td><td>12.02.2024<\/td><td>19:33 Uhr<\/td><\/tr><\/tbody><\/table><figcaption class=\"wp-element-caption\">\u00dcbersicht zu den Veranstaltungen unserer Session.<\/figcaption><\/figure>\n\n\n\n<p>Alle unsere Veranstaltungen finden in\u00a0rauchfreier Umgebung statt. Das sorgt f\u00fcr angenehmes Ambiente, sei es auf dem heimischen Saal im Landgasthaus Meyer oder zu Ausw\u00e4rtsveranstaltungen. Alle Veranstaltungen im \u00dcberblick sind hier sp\u00e4testens ab dem 11.11. des jeweiligen Jahres zu finden.<\/p>\n\n\n\n<p><strong>ACHTUNG:<\/strong> Der Zutritt zu unseren Veranstaltungen ist nur gem\u00e4\u00df <a href=\"http:\/\/www.gesetze-im-internet.de\/juschg\" target=\"_blank\" rel=\"noopener noreferrer\">Jugendschutzgesetz<\/a> gestattet. Daher gilt f\u00fcr\u00a0Kinder und Jugendliche bis zur Vollendung des 18. Lebensjahres folgende Einschr\u00e4nkung:<\/p>\n\n\n\n<p><em>Jugendlichen im Alter von 14&nbsp;bis 18 Jahren ist der Besuch unserer Veranstaltungen&nbsp;nur bis 24 Uhr gestattet. Kinder unter 14 Jahren d\u00fcrfen unsere Veranstaltungen nur bis 22 Uhr besuchen. Der Aufenthalt nach der jeweiligen Grenze&nbsp;ist nur in Begleitung und unter Aufsicht einer personensorgeberechtigten oder erziehungsbeauftragten Person gestattet. &nbsp;Siehe dazu \u00a75 Abs. 1 und 2 JuSchuG. Die Personensorgeberechtigung muss durch ein offizielles Formular nachgewiesen werden. Ein solches Formular finden Sie <a href=\"http:\/\/partyzettel.de\/muttizettel.pdf\" target=\"_blank\" rel=\"noopener noreferrer\">hier<\/a>.<\/em><\/p>\n\n\n\n<p>Die Einhaltung dieser Vorschriften wird beim Einlass zur&nbsp;Veranstaltung kontrolliert. Im Falle einer Zutrittsverweigerung erfolgt keine Erstattung des Eintrittspreises!<\/p>\n\n\n\n<h2>Wir kommen auch zu Ihnen!<\/h2>\n\n\n\n<p>Sie haben zu einer unserer Veranstaltungen einen oder mehrere Programmpunkte gesehen, die Ihnen besonders gefallen haben? Gern zeigen wir unsere Darbietungen auch zu Ihrer Veranstaltung. <a title=\"Booking\" href=\"http:\/\/54112759.swh.strato-hosting.eu\/?page_id=56\">Hier erfahren Sie mehr.<\/a><\/p>\n\n\n\n<h2>Sound &amp; Light aus den eigenen Reihen!<\/h2>\n\n\n\n<p>Seit unserer 37. Session kommen Licht und Ton aus unseren eigenen Reihen. Tom &amp; Fabian sorgen f\u00fcr den reibungslosen Ablauf unserer Veranstaltungen. Sollte mal etwas nicht passen, so sprecht uns gern an! Wir sind f\u00fcr alle Anregungen offen.<\/p>\n\n\n\n<p>Nach dem Programm geben sich dann verschiedene Discjockeys die Ehre. Lassen Sie sich \u00fcberraschen, wen Sie bei Ihrem Besuch erwarten d\u00fcrfen!<\/p>\n","protected":false},"excerpt":{"rendered":"<p>Hier finden Sie alle Termine unserer aktuellen Veranstaltung auf einen Blick. Alle Infos zur Kartenbestellung finden Sie hier. F\u00fcr den Besuch unserer Veranstaltungen gelten unsere allgemeinen Gesch\u00e4ftsbedingungen. Die Einhaltung der Altersbeschr\u00e4nkungen wird nur am Einlass, nicht aber beim Kartenverkauf kontrolliert! Veranstaltung Ort Wochentag Datum Uhrzeit 16. Bennunger Knutfest Anglerheim Bennungen Sonnabend 06.01.2024 16:00 Uhr Prunksitzung &hellip; <\/p>\n<p class=\"link-more\"><a href=\"https:\/\/www.bennunger-kc.de\/?page_id=11\" class=\"more-link\"><span class=\"screen-reader-text\">\u201eVeranstaltungen\u201c<\/span> weiterlesen<\/a><\/p>\n","protected":false},"author":1,"featured_media":0,"parent":0,"menu_order":30,"comment_status":"open","ping_status":"open","template":"","meta":{"ngg_post_thumbnail":0},"yoast_head":"<!-- This site is optimized with the Yoast SEO plugin v19.14 - https:\/\/yoast.com\/wordpress\/plugins\/seo\/ -->\n<title>Veranstaltungen - Bennunger Karneval Club<\/title>\n<meta name=\"robots\" content=\"index, follow, max-snippet:-1, max-image-preview:large, max-video-preview:-1\" \/>\n<link rel=\"canonical\" href=\"https:\/\/www.bennunger-kc.de\/?page_id=11\" \/>\n<meta property=\"og:locale\" content=\"de_DE\" \/>\n<meta property=\"og:type\" content=\"article\" \/>\n<meta property=\"og:title\" content=\"Veranstaltungen - Bennunger Karneval Club\" \/>\n<meta property=\"og:description\" content=\"Hier finden Sie alle Termine unserer aktuellen Veranstaltung auf einen Blick. Alle Infos zur Kartenbestellung finden Sie hier. F\u00fcr den Besuch unserer Veranstaltungen gelten unsere allgemeinen Gesch\u00e4ftsbedingungen. Die Einhaltung der Altersbeschr\u00e4nkungen wird nur am Einlass, nicht aber beim Kartenverkauf kontrolliert! Veranstaltung Ort Wochentag Datum Uhrzeit 16. Bennunger Knutfest Anglerheim Bennungen Sonnabend 06.01.2024 16:00 Uhr Prunksitzung &hellip; \u201eVeranstaltungen\u201c weiterlesen\" \/>\n<meta property=\"og:url\" content=\"https:\/\/www.bennunger-kc.de\/?page_id=11\" \/>\n<meta property=\"og:site_name\" content=\"Bennunger Karneval Club\" \/>\n<meta property=\"article:modified_time\" content=\"2023-11-12T15:26:00+00:00\" \/>\n<meta name=\"twitter:label1\" content=\"Gesch\u00e4tzte Lesezeit\" \/>\n\t<meta name=\"twitter:data1\" content=\"3\u00a0Minuten\" \/>\n<script type=\"application\/ld+json\" class=\"yoast-schema-graph\">{\"@context\":\"https:\/\/schema.org\",\"@graph\":[{\"@type\":\"WebPage\",\"@id\":\"https:\/\/www.bennunger-kc.de\/?page_id=11\",\"url\":\"https:\/\/www.bennunger-kc.de\/?page_id=11\",\"name\":\"Veranstaltungen - Bennunger Karneval Club\",\"isPartOf\":{\"@id\":\"https:\/\/www.bennunger-kc.de\/#website\"},\"datePublished\":\"2014-04-13T15:15:07+00:00\",\"dateModified\":\"2023-11-12T15:26:00+00:00\",\"breadcrumb\":{\"@id\":\"https:\/\/www.bennunger-kc.de\/?page_id=11#breadcrumb\"},\"inLanguage\":\"de\",\"potentialAction\":[{\"@type\":\"ReadAction\",\"target\":[\"https:\/\/www.bennunger-kc.de\/?page_id=11\"]}]},{\"@type\":\"BreadcrumbList\",\"@id\":\"https:\/\/www.bennunger-kc.de\/?page_id=11#breadcrumb\",\"itemListElement\":[{\"@type\":\"ListItem\",\"position\":1,\"name\":\"Home\",\"item\":\"https:\/\/www.bennunger-kc.de\/\"},{\"@type\":\"ListItem\",\"position\":2,\"name\":\"Veranstaltungen\"}]},{\"@type\":\"WebSite\",\"@id\":\"https:\/\/www.bennunger-kc.de\/#website\",\"url\":\"https:\/\/www.bennunger-kc.de\/\",\"name\":\"Bennunger Karneval Club\",\"description\":\"\",\"potentialAction\":[{\"@type\":\"SearchAction\",\"target\":{\"@type\":\"EntryPoint\",\"urlTemplate\":\"https:\/\/www.bennunger-kc.de\/?s={search_term_string}\"},\"query-input\":\"required name=search_term_string\"}],\"inLanguage\":\"de\"}]}<\/script>\n<!-- \/ Yoast SEO plugin. -->","yoast_head_json":{"title":"Veranstaltungen - Bennunger Karneval Club","robots":{"index":"index","follow":"follow","max-snippet":"max-snippet:-1","max-image-preview":"max-image-preview:large","max-video-preview":"max-video-preview:-1"},"canonical":"https:\/\/www.bennunger-kc.de\/?page_id=11","og_locale":"de_DE","og_type":"article","og_title":"Veranstaltungen - Bennunger Karneval Club","og_description":"Hier finden Sie alle Termine unserer aktuellen Veranstaltung auf einen Blick. Alle Infos zur Kartenbestellung finden Sie hier. F\u00fcr den Besuch unserer Veranstaltungen gelten unsere allgemeinen Gesch\u00e4ftsbedingungen. Die Einhaltung der Altersbeschr\u00e4nkungen wird nur am Einlass, nicht aber beim Kartenverkauf kontrolliert! Veranstaltung Ort Wochentag Datum Uhrzeit 16. Bennunger Knutfest Anglerheim Bennungen Sonnabend 06.01.2024 16:00 Uhr Prunksitzung &hellip; \u201eVeranstaltungen\u201c weiterlesen","og_url":"https:\/\/www.bennunger-kc.de\/?page_id=11","og_site_name":"Bennunger Karneval Club","article_modified_time":"2023-11-12T15:26:00+00:00","twitter_misc":{"Gesch\u00e4tzte Lesezeit":"3\u00a0Minuten"},"schema":{"@context":"https:\/\/schema.org","@graph":[{"@type":"WebPage","@id":"https:\/\/www.bennunger-kc.de\/?page_id=11","url":"https:\/\/www.bennunger-kc.de\/?page_id=11","name":"Veranstaltungen - Bennunger Karneval Club","isPartOf":{"@id":"https:\/\/www.bennunger-kc.de\/#website"},"datePublished":"2014-04-13T15:15:07+00:00","dateModified":"2023-11-12T15:26:00+00:00","breadcrumb":{"@id":"https:\/\/www.bennunger-kc.de\/?page_id=11#breadcrumb"},"inLanguage":"de","potentialAction":[{"@type":"ReadAction","target":["https:\/\/www.bennunger-kc.de\/?page_id=11"]}]},{"@type":"BreadcrumbList","@id":"https:\/\/www.bennunger-kc.de\/?page_id=11#breadcrumb","itemListElement":[{"@type":"ListItem","position":1,"name":"Home","item":"https:\/\/www.bennunger-kc.de\/"},{"@type":"ListItem","position":2,"name":"Veranstaltungen"}]},{"@type":"WebSite","@id":"https:\/\/www.bennunger-kc.de\/#website","url":"https:\/\/www.bennunger-kc.de\/","name":"Bennunger Karneval Club","description":"","potentialAction":[{"@type":"SearchAction","target":{"@type":"EntryPoint","urlTemplate":"https:\/\/www.bennunger-kc.de\/?s={search_term_string}"},"query-input":"required name=search_term_string"}],"inLanguage":"de"}]}},"_links":{"self":[{"href":"https:\/\/www.bennunger-kc.de\/index.php?rest_route=\/wp\/v2\/pages\/11"}],"collection":[{"href":"https:\/\/www.bennunger-kc.de\/index.php?rest_route=\/wp\/v2\/pages"}],"about":[{"href":"https:\/\/www.bennunger-kc.de\/index.php?rest_route=\/wp\/v2\/types\/page"}],"author":[{"embeddable":true,"href":"https:\/\/www.bennunger-kc.de\/index.php?rest_route=\/wp\/v2\/users\/1"}],"replies":[{"embeddable":true,"href":"https:\/\/www.bennunger-kc.de\/index.php?rest_route=%2Fwp%2Fv2%2Fcomments&post=11"}],"version-history":[{"count":27,"href":"https:\/\/www.bennunger-kc.de\/index.php?rest_route=\/wp\/v2\/pages\/11\/revisions"}],"predecessor-version":[{"id":7799,"href":"https:\/\/www.bennunger-kc.de\/index.php?rest_route=\/wp\/v2\/pages\/11\/revisions\/7799"}],"wp:attachment":[{"href":"https:\/\/www.bennunger-kc.de\/index.php?rest_route=%2Fwp%2Fv2%2Fmedia&parent=11"}],"curies":[{"name":"wp","href":"https:\/\/api.w.org\/{rel}","templated":true}]}}